 x(o) = 2*o**2 - 4*o - 2. Let j = 153 + -235. Let n = j + 86. Calculate x(n).
14
Suppose f - 5 = 9. Let q be 10/3 - 106/(-159). Suppose 4*w = 3*g - 7*g - 28, 3*g + f = q*w. Let n(l) = l + 3. What is n(g)?
-3
Let v(q) = -27*q**2 - 45*q + 1. Let o(g) = -5*g**2 - 9*g. Let j(i) = 22*o(i) - 4*v(i). What is j(-9)?
-4
Let h(d) = -4*d**3 - 2. Let j(t) = -t**3 + 1. Let w(x) = h(x) + 3*j(x). Let u be 1/(1 - (3 - 3)). What is w(u)?
-6
Let g(l) = 4*l**3 + 11*l + 11. Let z(a) = -3*a**3 + 2*a**2 - 9*a - 11. Let h(o) = 2*g(o) + 3*z(o). What is h(5)?
-11
Let y be (5 + -20)*(-2 + 0). Suppose -2*f + 3*a = -35, 2*f - 3*f + 4*a = -y. Let p be ((-6)/f)/(6/30). Let x(c) = -2*c**2 - 4*c + 1. Give x(p).
-5
Let i(o) be the second derivative of o**5/20 - o**4/12 - 3*o**2/2 + 2*o + 315. Give i(4).
45
Let x(w) = w**3 + 5*w**2 - 16*w - 8. Let g be x(-7). Let t(b) = 1 - 158*b + g + 154*b. Give t(5).
-13
Let y be 6*(1 + (-4)/6). Let h be (y/(-6))/(1/(-39)). Suppose 5*n - h = 2*f - 0, -15 = 4*f + n. Let q(a) = -a**3 - 3*a**2 + 5*a + 6. Calculate q(f).
2
Let q(m) = -14*m**2 - 11*m - 8. Let r(w) be the second derivative of -5*w**4/12 - 2*w**3/3 - 3*w**2/2 + 3*w. Let a(p) = 6*q(p) - 17*r(p). Determine a(-2).
3
Suppose 3*s - 2*f = -3*f - 7, 3*s - f + 17 = 0. Let o(q) = 2*q**2 + 2*q. Give o(s).
24
Let o(s) = s**2 - 7*s + 6. Let n be (-936)/15 - (-6)/15. Let l = 68 + n. Give o(l).
0
Let x(c) = 3*c**3 - 6*c**2 - 6*c - 1. Let l(h) = -4*h**3 + 7*h**2 + 6*h - 1. Let k(m) = 2*l(m) + 3*x(m). What is k(5)?
-10
Let n(y) be the first derivative of y**2 + 24*y - 747. Give n(-13).
-2
Suppose -53*q = -31*q - 172 - 4. Let x(w) = -10 - w**2 + 2*w**2 + 4 - 8*w. Determine x(q).
-6
Let q(c) = 16*c - 6*c - 5*c - 8*c. Give q(0).
0
Suppose -2*i - 113 + 1447 = 5*r, -4*i = r - 274. Let s(d) = -r + 145 + 130 - d. Calculate s(8).
1
Let p(q) = -3*q**3 - 24*q**2 + 25*q + 23. Let d(k) = -2*k**3 - 12*k**2 + 13*k + 11. Let n(y) = -5*d(y) + 3*p(y). Determine n(11).
3
Let t(q) = 8*q - 3 - 7 + 4 - 4 - 1 + q**2. Determine t(-8).
-11
Let h be ((-2)/6)/((-8)/(-96)). Let k(f) = -3 + 14*f + 0 - 13*f. Give k(h).
-7
Suppose -4*k + 5*t = -6, -4*k + t + 14 = -0*k. Let i(o) = -o**3 + 3*o**2 - 3*o + 6. Determine i(k).
-22
Let k(n) = n**3 - 1. Let m(s) = -s**3 - 6*s**2 + 4. Let h be m(-6). Let g = -7 - h. Let d = -13 - g. Give k(d).
-9
Let k(r) = -2*r. Suppose 49 = -12*y + 25. Give k(y).
4
Let l(x) = -x - 2. Suppose -7*p + 420 = 476. Calculate l(p).
6
Let y(k) = 13*k - 5. Let u(q) = -5*q + 2. Let g(z) = -5*u(z) - 2*y(z). Give g(3).
-3
Let o(f) = 12 - 10*f - f**2 + 3 - 11 + 1 + 0*f**2. Determine o(-10).
5
Let y = -109 - -118. Let k(s) = 2*s. Calculate k(y).
18
Let l(p) = -8*p + 6. Let u be (-232)/(-60) - 4/(-30). Determine l(u).
-26
Suppose 12 + 36 = 4*g. Suppose -g = -0*i - 4*i. Let n = i - 9. Let b(z) = z + 7. Give b(n).
1
Let y(m) be the first derivative of m**4/4 - m**3/3 + m**2 - m + 2. Suppose 0 = -2*f + 2*o - 30, -3 = f - 3*o + 22. Let l be 32/112 - f/14. Determine y(l).
1
Let d(g) = 2*g + 19. Let m = 1874 + -1882. Calculate d(m).
3
Let z(i) = -3*i**2 - i + 2. Let k(d) = 7*d**2 + d - 3. Let p(c) = 2*k(c) + 5*z(c). What is p(-3)?
4
Suppose 0 = 2*r + 2*k - 10, 2*r = 7*r - 2*k - 25. Let t(y) = r*y**2 - 2*y - y**3 + y**2 - 3 + 1 + y. What is t(6)?
-8
Let n(g) = -g**2 + 12*g + 34. Let r be n(14). Let q = -1 + r. Let s(h) = -h**3 + 6*h**2 - 6*h - 2. Give s(q).
-7
Let v(w) be the third derivative of -w**5/60 - 3*w**4/8 - 5*w**3/6 + w**2 - 22. Determine v(-7).
9
Let w(i) = 9*i**2 - 3 + 152*i**3 - 3 + i + 3 - 153*i**3. What is w(9)?
6
Let j(l) be the first derivative of -5*l**2 + 2*l - 2. Let x = 8236 - 8233. Determine j(x).
-28
Let r(c) = 0 + 5 + 2*c + 10*c**2 - 11*c**2. Let q be r(0). Let i(p) = 4*p + 4. Let a(l) = -l. Let b(s) = q*a(s) + i(s). Determine b(3).
1
Let u = 5 - 6. Let g(s) = s - 1. Let l(t) = -15*t + 3. Let a(c) = u*l(c) - 2*g(c). Calculate a(1).
12
Let t(y) = y**3 - 16. Let v be 5 + 1 + (-5 + -1 - 0). Calculate t(v).
-16
Suppose f = 2*f - 10. Let u(c) = -24*c**2 + f*c**2 - c**3 + c + 15*c**2. Let m be u(0). Let k(l) = l - 6. What is k(m)?
-6
Let l = 69 - 69. Suppose k = -4 + 6. Let d(t) = -t**3 - 2*t + k*t + 11 + 2*t - t + t**2. Determine d(l).
11
Let n(k) be the first derivative of -14 + 1/3*k**3 - 2*k**2 - 2*k. What is n(5)?
3
Let l(p) = 47 + 5*p - 100 + 53. Give l(-2).
-10
Let x(r) = -r**2 - 6*r - 4*r - 2 + 4*r. Let s(i) = i**2 + 6*i + 3. Let w(o) = 3*o**2 - 2*o - 4. Let p be w(2). Let a(n) = p*x(n) + 3*s(n). Give a(-5).
6
Suppose 3*u = 4*u - 2. Let m(z) = z**2 - 14*z + 2. Let l be m(14). Let t(r) = -2*r + r + r + u*r + r**l. Give t(-4).
8
Let t = 1240/3 + -413. Let v(o) be the first derivative of t*o**3 + 2*o**2 + 5*o - 5. Give v(-4).
5
Let h(b) = -b - 11. Let j = -14 - -16. Suppose -u = -4*i + 25, 3*i + 5 - 30 = j*u. Let o(a) = -5. Let c(k) = i*o(k) - 2*h(k). Determine c(6).
9
Let y be 1/((12/21)/(-4)). Let a = 20 - y. Let l = a + -24. Let k(c) = c**3 - 5*c**2 + 4*c - 1. Give k(l).
-7
Let g(f) = -8*f**2 + 3*f - 1. Let p be g(1). Let u(b) = -9*b. Let k(z) = -26*z + 1. Let a(s) = p*k(s) + 17*u(s). Give a(6).
12
Let i(x) = -4*x**2 + x + 17. Suppose -4*p = -0 - 8. Let f(j) = -j**2 + 4. Let v(y) = p*i(y) - 9*f(y). Calculate v(-4).
6
Let y = -824 - -824. Let c(v) be the first derivative of v**3/3 + v**2/2 - 2*v + 1. Give c(y).
-2
Let w(p) be the third derivative of -p**4/24 - 2*p**3/3 + p**2. Suppose n = x - 38, 7*x - 4*n - 118 = 4*x. Let i = x + -34. Determine w(i).
-4
Let a(t) = t**2 + 8*t + 7. Let w = -152 + 48. Let p be 712/w - (-4)/(-26). What is a(p)?
0
Let s = 47 - 11. Let u = s + -33. Let n(x) = -6 - 1 + 3 + u*x - x**2 + 1. Give n(2).
-1
Let h(d) = -d + 1030866 - 1030893 - d. Give h(-19).
11
Let j(t) = -t**2 + 5*t + 2. Suppose 2*q - 5*q = 69. Let z = -18 - q. Give j(z).
2
Let b(v) be the first derivative of -v**4/4 - 5*v**3/3 - v**2/2 - 3*v + 34. Let l(j) = j**3 + 7*j**2 - 9*j - 12. Let a be l(-8). Calculate b(a).
-15
Let y(c) be the third derivative of c**5/60 - c**4/6 + c**3/2 + 2177*c**2. Let u be 2 - (0/1 - 1). Calculate y(u).
0
Let m(c) = -3*c - 3. Let a(r) = 50 + 5*r - 2*r - 46. Let p(n) = -4*a(n) - 5*m(n). What is p(-1)?
-4
Let v(n) = -9*n - 3. Let r(l) = l**3 + 16*l**2 - 17*l + 15. Let y be r(-17). Suppose f - y = 3*g + 2*g, 0 = -3*g - 4*f + 14. Calculate v(g).
15
Let j(q) = 2*q**3 - 6*q**2 + 2*q + 4. Suppose -56*o - 52 = -69*o. Determine j(o).
44
Let n be (-6)/9*(-12)/(-2). Let a(h) = 5*h + 0 - 2 + 75*h**2 - 74*h**2. Determine a(n).
-6
Let c(d) be the second derivative of d**4/24 + 3*d**3/2 + 9*d**2/2 + 5*d. Let j(i) be the first derivative of c(i). Give j(0).
9
Let f(y) be the second derivative of y**3/6 + 9*y**2/2 - 2*y + 79. Calculate f(-12).
-3
Let t be (-3)/2*(-8)/6. Let i(l) = -5*l**2 - 4*l + 2 + t*l**2 + 6*l**2 - l**3. Suppose 18*n = 71 - 35. Give i(n).
-2
Suppose -i = 5, -3*u - 2*i - 15 = -8*u. Let g(f) = 2*f - 2. Let c(p) = -1. Let l(a) = u*c(a) - g(a). Calculate l(4).
-7
Let f be 8 + (-72)/(-12) + -11. Let k(x) = -2*x**2 - 4*x. Give k(f).
-30
Let h(j) = j**2 + 6*j + 10. Let i be h(-3). Let q(l) = 6*l**2 - l + 1. Calculate q(i).
6
Let k(a) = -8*a. Suppose 3*i + 0*i = -2*p, -p = 2*i + 1. Let c be i/(-4) + (-30)/(-12). Suppose -c*q + 3 = 6. Calculate k(q).
8
Let f be -6 + (-3 - (-4 - -3)). Let v(z) be the third derivative of 0*z - 1/24*z**4 + 4*z**2 - 3/2*z**3 + 0. Calculate v(f).
-1
Let f(l) = l**3 - 6*l**2 - 3*l + 8. Let j(i) = 2*i**2 + 4*i - 1. Let x be j(-3). Let w be ((-4)/(-10))/(-1 - (-201)/195). Suppose x*p = 43 - w. Calculate f(p).
-10
Let c(a) be the third derivative of 0 + 0*a - 19*a**2 - 1/60*a**5 - 5/12*a**4 - 1/2*a**3. Give c(-9).
6
Let i(m) = m**3 - 6*m**2 - 7*m. Let v be (0/(-1) + -1)/(-1). Let k = 712 + -706. Let d = v + k. Give i(d).
0
Let u(f) = f**2 + 3*f. Let i(y) = y**2 - 4*y - 3. Let z be i(9). Let h = z - 46. Give u(h).
4
Let g be (-3)/(-4)*(-544)/(-51). Let z(j) be the second derivative of j**3/6 - 11*j**2/2 + j. Determine z(g).
-3
Suppose 0 = -51*w + 201 + 3. Let l(z) = 2*z**2 + 3*z - 6. Give l(w).
38
Let r(u) = -3*u - 4. Suppose 171 - 231 = -10*v. Determine r(v).
-22
Let l = -10300 + 10299. Let y(n) be the first derivative of -6*n**2 + n + 1. Give y(l).
13
Let z(j) = j**2 - 5*j - 6. Let l(c) = -2*c - 24. Let m be l(-7). Let s be (18/m)/((-18)/60 + 0). Give 